of 354035005?
False
Is 75 a factor of 74409300?
True
Does 663 divide 4721558266?
False
Is 487 a factor of 33650627?
False
Is 122 a factor of 605967558?
False
Does 10 divide 7069900?
True
Does 186 divide 20107100?
False
Does 3 divide 486696768?
True
Is 269 a factor of 1435206998?
True
Does 31 divide 11649110?
False
Is 10 a factor of 64525497?
False
Does 34 divide 94134681?
False
Is 4330 a factor of 448926999?
False
Is 133316096 a multiple of 43?
False
Is 1059100 a multiple of 890?
True
Is 9861075 a multiple of 271?
False
Does 18 divide 2465545788?
True
Does 24 divide 557046792?
True
Is 76 a factor of 700428355?
False
Is 44488334 a multiple of 3806?
True
Is 1381 a factor of 264650633?
False
Is 179717472 a multiple of 4896?
True
Is 1477604087 a multiple of 882?
False
Is 752 a factor of 8805168?
True
Is 95 a factor of 3229854563?
False
Does 204 divide 864815976?
True
Does 27 divide 339588240?
False
Is 251652043 a multiple of 15?
False
Does 6 divide 89281734?
True
Is 15 a factor of 793736460?
True
Does 54 divide 25387472?
False
Is 13 a factor of 22255137?
False
Does 872 divide 2188495024?
True
Does 2 divide 7367434?
True
Does 150 divide 5174698?
False
Does 13 divide 78159159?
True
Is 621839316 a multiple of 111?
True
Is 19 a factor of 81458714?
False
Is 85 a factor of 6152725?
True
Is 122508191 a multiple of 14?
False
Is 12154464 a multiple of 23?
False
Does 2719 divide 925593681?
False
Is 31832085 a multiple of 601?
False
Is 6 a factor of 18282023?
False
Is 6183808 a multiple of 144?
False
Is 32606630 a multiple of 70?
True
Does 760 divide 64786482?
False
Is 3220639 a multiple of 2?
False
Does 3 divide 90794856?
True
Is 20761047 a multiple of 123?
True
Is 20077425 a multiple of 25?
True
Is 676430802 a multiple of 999?
False
Is 278 a factor of 4432848?
False
Is 21 a factor of 2583882?
True
Is 24795847 a multiple of 21?
False
Does 1756 divide 4138144677?
False
Is 274248912 a multiple of 168?
True
Is 3 a factor of 9122048?
False
Is 893389211 a multiple of 13?
True
Is 9090860 a multiple of 20?
True
Is 37974790 a multiple of 14?
True
Is 74 a factor of 732463878?
False
Is 517143231 a multiple of 297?
True
Is 142060765 a multiple of 253?
True
Is 414 a factor of 81225972?
True
Does 7 divide 4350493?
True
Does 8 divide 32606031?
False
Is 24289846 a multiple of 2?
True
Does 1091 divide 858454441?
True
Is 27457443 a multiple of 331?
True
Is 4076862 a multiple of 22?
False
Is 251 a factor of 930975?
False
Is 103201253 a multiple of 3758?
False
Is 2524 a factor of 254364751?
False
Is 2669153 even?
False
Is 3 a factor of 13322727?
True
Is 3431193786 a multiple of 12?
False
Is 56 a factor of 708493799?
False
Is 122560515 a multiple of 2695?
True
Is 46 a factor of 52401590?
True
Is 30113828 a multiple of 1633?
False
Is 57 a factor of 32306576?
False
Is 11849250 a multiple of 75?
True
Is 219 a factor of 118536159?
True
Is 2 a factor of 10416337?
False
Is 2489 a factor of 190813644?
False
Does 567 divide 54691686?
True
Is 3444225 a multiple of 25?
True
Is 213 a factor of 12417826?
False
Is 205 a factor of 93761465?
True
Is 4 a factor of 51395581?
False
Is 1960 a factor of 177158520?
True
Is 94 a factor of 2697207804?
False
Is 2470709 a multiple of 25?
False
Is 7 a factor of 118392439?
False
Does 7678 divide 361400453?
False
Does 11 divide 42539596?
True
Is 152 a factor of 37737037?
False
Is 3410832 a multiple of 24?
True
Is 12 a factor of 1360288627?
False
Does 176 divide 388681548?
False
Is 8 a factor of 11069352?
True
Is 142 a factor of 19234184?
True
Is 17 a factor of 285797302?
True
Is 8666130 a multiple of 159?
False
Does 36 divide 66289464?
True
Does 10 divide 171585160?
True
Is 152 a factor of 15633504?
True
Is 100379565 a multiple of 171?
True
Does 2919 divide 122283178?
False
Is 40554144 a multiple of 2?
True
Is 4311083 a multiple of 26?
False
Is 18189703 a multiple of 191?
False
Is 121168518 a multiple of 314?
True
Is 1348115549 a multiple of 3873?
False
Does 3939 divide 334279296?
True
Is 37 a factor of 980898?
False
Is 2 a factor of 2452284?
True
Is 17 a factor of 71568017?
False
Does 109 divide 1028978051?
False
Is 71092800 a multiple of 30?
True
Is 15603426 a multiple of 30?
False
Is 5075 a factor of 337749716?
False
Is 175 a factor of 51011955?
False
Is 105065550 a multiple of 291?
True
Is 2139 a factor of 33096747?
True
Is 121 a factor of 62096474?
True
Does 101 divide 34969937?
True
Is 7967952 even?
True
Does 1236 divide 8628516?
True
Is 2186 a factor of 42572350?
True
Is 2756 a factor of 357849829?
False
Does 10 divide 103632830?
True
Is 291 a factor of 22685540?
False
Is 229 a factor of 718660624?
True
Is 12954013 a multiple of 278?
False
Does 99 divide 1783080539?
False
Is 1325797808 a multiple of 152?
True
Is 6 a factor of 1132740618?
True
Does 939 divide 41131956?
True
Is 111 a factor of 4818611169?
False
Is 209 a factor of 308922008?
False
Is 71 a factor of 61106627?
False
Is 23718462 a multiple of 1626?
True
Does 23 divide 6180393?
False
Is 26 a factor of 14241773?
False
Does 36 divide 34162499?
False
Is 102164706 a multiple of 199?
False
Does 622 divide 24482295?
False
Is 442842537 a multiple of 340?
False
Is 34 a factor of 238959031?
False
Is 148834586 a multiple of 350?
False
Does 135 divide 34252725?
False
Is 128 a factor of 1550749704?
False
Does 372 divide 4849008096?
True
Does 349 divide 86409608?
True
Does 707 divide 56419967?
False
Is 12 a factor of 73739220?
True
Is 1680166244 a multiple of 20?
False
Does 775 divide 70504346?
False
Does 13 divide 23746684?
True
Is 570920 a multiple of 5?
True
Is 1212334329 a multiple of 18?
False
Is 2332 a factor of 31475210?
False
Is 2684 a factor of 1003488552?
True
Does 864 divide 57539061?
False
Does 230 divide 11924685?
False
Is 31 a factor of 47006108?
False
Is 11 a factor of 924282099?
False
Is 7538 a factor of 1023984534?
True
Does 641 divide 2400993516?
False
Is 74778170 a multiple of 10?
True
Is 198 a factor of 2749389075?
False
Does 26 divide 135063058?
True
Is 91025480 a multiple of 28?
True
Is 4919415 a multiple of 42?
False
Is 54824462 a multiple of 779?
True
Is 644 a factor of 954408?
True
Is 16 a factor of 90707439?
False
Is 6980179 a multiple of 184?
False
Does 143 divide 242894518?
False
Is 1247 a factor of 174653573?
True
Is 110 a factor of 5514565?
False
Does 22 divide 41514000?
True
Is 36 a factor of 69969271?
False
Is 266702333 a multiple of 565?
False
Is 6059216860 a multiple of 1248?
False
Is 7446114 even?
True
Does 18 divide 3227295935?
False
Is 173684577 a multiple of 82?
False
Does 21 divide 18274599?
True
Is 7016335 a multiple of 993?
False
Is 63 a factor of 45687081?
False
Is 2328 a factor of 23328888?
True
Is 4722263 a multiple of 13?
True
Is 484600 a multiple of 3?
False
Is 1079 a factor of 6582165?
False
Does 15 divide 1535815425?
True
Is 110424707 a multiple of 103?
False
Is 2461941396 a multiple of 2062?
True
Is 18 a factor of 34334828?
False
Is 2041 a factor of 27280006?
True
Is 1651318472 a multiple of 21?
False
Does 91 divide 89603878?
True
Does 26 divide 2321664332?
True
Is 3029962746 a multiple of 87?
True
Is 9 a factor of 44268669?
True
Is 61 a factor of 389976294?
True
Does 13 divide 35441433?
False
Does 29 divide 17620023?
True
Does 1761 divide 127334388?
True
Is 16853570 a multiple of 38?
True
Is 30 a factor of 23414670?
True
Is 21881166 a multiple of 78?
False
Is 5485996269 a multiple of 2865?
False
Is 1471484769 a multiple of 184?
False
Does 5379 divide 5333614402?
False
Is 269924798 a multiple of 1781?
True
Does 594 divide 598334418?
True
Is 113397266 a multiple of 10?
False
Is 502426412 a multiple of 9?
False
Is 510632300 a multiple of 7?
False
Does 88 divide 1029381056?
True
Is 2395 a factor of 390473953?
False
Does 47 divide 417719268?
True
Does 195 divide 367112460?
True
Is 192 a factor of 3125524223?
False
Is 99455825 a multiple of 29?
False
Is 228730683 a multiple of 2622?
False
Does 5894 divide 159823084?
False
Is 336859737 a multiple of 531?
False
Is 5 a factor of 2106020?
True
Does 72 divide 577757952?
True
Does 264 divide 4993631?
False
Is 70501823 a multiple of 1761?
False
Does 16 divide 88630588?
False
Is 99256950 a multiple of 1170?
True
Does 46 divide 19299205?
False
Is 45 a factor of 1755246960?
True
Does 146 divide 212521688?
True
I